{"id":5222,"date":"2018-03-30T23:07:52","date_gmt":"2018-03-30T23:07:52","guid":{"rendered":"https:\/\/congokinmedia.wordpress.com\/?page_id=6"},"modified":"2018-03-30T23:07:52","modified_gmt":"2018-03-30T23:07:52","slug":"accueil","status":"publish","type":"page","link":"https:\/\/congokin.blog\/?page_id=5222","title":{"rendered":"Accueil"},"content":{"rendered":"<p><strong>Bienvenue sur le site des patriotes lumumbistes !<\/strong><\/p>\n<table style=\"height: 717px;\" width=\"700\">\n<tbody>\n<tr>\n<td><strong>Le 30 juin 1960, Patrice Lumumba disait\u00a0:<\/strong><\/p>\n<p><em>\u00ab\u00a0La R\u00e9publique du Congo a \u00e9t\u00e9 proclam\u00e9e et notre cher pays est maintenant entre les mains de ses propres enfants.<\/em><\/p>\n<p><em><img loading=\"lazy\" decoding=\"async\" class=\"alignnone size-full wp-image-66\" src=\"https:\/\/congokin.blog\/wp-content\/uploads\/2018\/04\/lumumba1.jpg\" alt=\"Lumumba1\" width=\"478\" height=\"314\" srcset=\"https:\/\/congokin.blog\/wp-content\/uploads\/2018\/04\/lumumba1.jpg 478w, https:\/\/congokin.blog\/wp-content\/uploads\/2018\/04\/lumumba1-300x197.jpg 300w\" sizes=\"auto, (max-width: 478px) 100vw, 478px\" \/>Ensemble, mes fr\u00e8res, mes s\u0153urs, <\/em><\/p>\n<ul>\n<li><em>Nous allons commencer une nouvelle lutte, une lutte sublime qui va mener notre pays \u00e0 la paix, \u00e0 la prosp\u00e9rit\u00e9 et \u00e0 la grandeur.<\/em><\/li>\n<li><em>Nous allons \u00e9tablir ensemble la justice sociale et assurer que chacun re\u00e7oive la juste r\u00e9mun\u00e9ration de son travail.<\/em><\/li>\n<li><em>Nous allons montrer au monde ce que peut faire l\u2019homme noir quand il travaille dans la libert\u00e9, et nous allons faire du Congo le centre de rayonnement de l\u2019Afrique tout enti\u00e8re. <\/em><\/li>\n<li><em>Nous allons veiller \u00e0 ce que les terres de notre patrie profitent v\u00e9ritablement \u00e0 ses enfants. <\/em><\/li>\n<li><em>Nous allons revoir toutes les lois d\u2019autrefois et en faire de nouvelles qui seront justes et nobles.<\/em><\/li>\n<li><em>Nous allons mettre fin \u00e0 l\u2019oppression de la pens\u00e9e libre et faire en sorte que tous les citoyens puissent jouir pleinement des libert\u00e9s fondamentales pr\u00e9vues dans la D\u00e9claration des droits de l\u2019homme.<\/em><\/li>\n<\/ul>\n<p><strong><em>Et pour tout cela, chers compatriotes, soyez s\u00fbrs que nous pourrons compter non seulement sur nos forces \u00e9normes et nos richesses immenses, mais aussi sur l\u2019assistance de nombreux pays \u00e9trangers, dont nous accepterons la collaboration chaque jour qu\u2019elle sera loyale et ne cherchera pas \u00e0 nous imposer une politique, quelle qu\u2019elle soit.\u00a0\u00bb <\/em><\/strong><\/p>\n<p>(Extrait du discours du 30 juin 1960 par Patrice Lumumba)<\/td>\n<\/tr>\n<\/tbody>\n<\/table>\n<p>&nbsp;<\/p>\n<p><strong>Moins d\u2019une semaine apr\u00e8s l\u2019ind\u00e9pendance, une op\u00e9ration de d\u00e9stabilisation commen\u00e7ait, et, six mois plus tard, Patrice Lumumba \u00e9tait assassin\u00e9. Symboliquement, c\u2019est aussi l\u2019\u00c9tat congolais naissant qui fut d\u00e9capit\u00e9.<\/strong><\/p>\n<p><strong>Bien que cette ind\u00e9pendance proclam\u00e9e semble toujours vid\u00e9e de son contenu et que la RDC n\u2019arrive pas \u00e0 sortir de l\u2019instabilit\u00e9 chronique cons\u00e9cutive \u00e0 la d\u00e9capitation de la jeune d\u00e9mocratie congolaise, la vision lumumbiste de la soci\u00e9t\u00e9 n\u2019est pas morte. La construction d\u2019un \u00c9tat-nation d\u00e9mocratique au Congo, tel que le voyait Patrice Lumumba, reste plus que jamais d\u2019actualit\u00e9.<\/strong><\/p>\n<p><strong>Ind\u00e9pendamment de ses ressources naturelles, de sa richesse ethnique et culturelle, ainsi que de son histoire et de sa situation g\u00e9opolitique, aucune soci\u00e9t\u00e9 contemporaine ne peut socialement, \u00e9conomiquement et politiquement progresser sans une vision nationale claire et une philosophie politique int\u00e9gr\u00e9es. C\u2019est sur cette base que les gouvern\u00e9s et gouvernants pourront construire un consensus social collectif sur le type de soci\u00e9t\u00e9 ind\u00e9pendante \u00e0 cr\u00e9er.<\/strong><\/p>\n<p><strong>Malgr\u00e9 son appellation, la R\u00e9publique d\u00e9mocratique du Congo demeure une R\u00e9publique \u00e0 recr\u00e9er et un pays \u00e0 d\u00e9mocratiser. D\u2019o\u00f9 l\u2019urgence de revitaliser la vision de Lumumba, tout en tenant compte du contexte, pour recr\u00e9er une dynamique dans ce vaste pays d\u2019Afrique centrale.<\/strong><\/p>\n<p><strong>La nouvelle vision lumumbiste doit int\u00e9grer les \u00e9l\u00e9ments suivants\u00a0: 1) l\u2019affirmation d\u2019un nouveau sens pour l\u2019ind\u00e9pendance\u00a0; 2) la promotion de l\u2019Etat-Nation d\u00e9mocratique et fonctionnel\u00a0; 3) la r\u00e9alisation de programmes coh\u00e9rents pour le progr\u00e8s social et la consolidation de l\u2019unit\u00e9 nationale.<\/strong><\/p>\n<p><strong>En corollaire, dans une d\u00e9marche d\u2019avenir, cette vision lumumbiste doit pouvoir produire une culture d\u00e9mocratique bas\u00e9e sur le progr\u00e8s et la justice sociale. Elle s\u2019inscrit \u00e9galement dans le besoin vital d\u2019un partenariat international global utile \u00e0 la reconstruction d\u2019une vraie R\u00e9publique, au progr\u00e8s socio-\u00e9conomique de toute cette sous-r\u00e9gion de l\u2019Afrique centrale, et de l\u2019Afrique tout enti\u00e8re.<\/strong><\/p>\n<p><strong>Ce site est destin\u00e9 \u00e0 la promotion de cette vision lumumbiste.<\/strong><\/p>\n<p><strong>CONGOKIN<\/strong><\/p>\n<p>( Suggestions pour l&rsquo;am\u00e9lioration du site )<\/p>\n<p>[contact-form][contact-field label=\u00a0\u00bbNom\u00a0\u00bb type=\u00a0\u00bbname\u00a0\u00bb  required=\u00a0\u00bbtrue\u00a0\u00bb \/][contact-field label=\u00a0\u00bbE-mail\u00a0\u00bb type=\u00a0\u00bbemail\u00a0\u00bb required=\u00a0\u00bbtrue\u00a0\u00bb \/][contact-field label=\u00a0\u00bbSite web\u00a0\u00bb type=\u00a0\u00bburl\u00a0\u00bb \/][contact-field label=\u00a0\u00bbMessage\u00a0\u00bb type=\u00a0\u00bbtextarea\u00a0\u00bb \/][\/contact-form]<\/p>\n<div style=\"text-align:center\" class=\"wps-pgfw-pdf-generate-icon__wrapper-frontend\">\n\t\t<a href=\"https:\/\/congokin.blog?action=genpdf&amp;id=5222\" class=\"pgfw-single-pdf-download-button\" ><img src=\"https:\/\/congokin.blog\/wp-content\/plugins\/pdf-generator-for-wp\/admin\/src\/images\/PDF_Tray.svg\" title=\"G\u00e9n\u00e9rer un PDF\" style=\"width:auto; height:45px;\"><\/a>\n\t\t<\/div>","protected":false},"excerpt":{"rendered":"<p>Bienvenue sur le site des patriotes lumumbistes ! Le 30 juin 1960, Patrice Lumumba disait\u00a0: \u00ab\u00a0La R\u00e9publique du Congo a \u00e9t\u00e9 proclam\u00e9e et notre cher pays est maintenant entre les mains de ses propres enfants. Ensemble, mes fr\u00e8res, mes s\u0153urs, Nous allons commencer une nouvelle lutte, une lutte sublime qui va mener notre pays \u00e0 [&hellip;]<\/p>\n","protected":false},"author":4,"featured_media":0,"parent":0,"menu_order":1,"comment_status":"closed","ping_status":"closed","template":"","meta":{"footnotes":""},"class_list":["post-5222","page","type-page","status-publish","hentry"],"_links":{"self":[{"href":"https:\/\/congokin.blog\/index.php?rest_route=\/wp\/v2\/pages\/5222","targetHints":{"allow":["GET"]}}],"collection":[{"href":"https:\/\/congokin.blog\/index.php?rest_route=\/wp\/v2\/pages"}],"about":[{"href":"https:\/\/congokin.blog\/index.php?rest_route=\/wp\/v2\/types\/page"}],"author":[{"embeddable":true,"href":"https:\/\/congokin.blog\/index.php?rest_route=\/wp\/v2\/users\/4"}],"replies":[{"embeddable":true,"href":"https:\/\/congokin.blog\/index.php?rest_route=%2Fwp%2Fv2%2Fcomments&post=5222"}],"version-history":[{"count":0,"href":"https:\/\/congokin.blog\/index.php?rest_route=\/wp\/v2\/pages\/5222\/revisions"}],"wp:attachment":[{"href":"https:\/\/congokin.blog\/index.php?rest_route=%2Fwp%2Fv2%2Fmedia&parent=5222"}],"curies":[{"name":"wp","href":"https:\/\/api.w.org\/{rel}","templated":true}]}}

<p><strong>Bienvenue sur le site des patriotes lumumbistes !</strong></p>
<table style="height: 717px;" width="700">
<tbody>
<tr>
<td><strong>Le 30 juin 1960, Patrice Lumumba disait :</strong></p>
<p><em>« La République du Congo a été proclamée et notre cher pays est maintenant entre les mains de ses propres enfants.</em></p>
<p><em><img loading="lazy" decoding="async" class="alignnone size-full wp-image-66" src="https://congokin.blog/wp-content/uploads/2018/04/lumumba1.jpg" alt="Lumumba1" width="478" height="314" srcset="https://congokin.blog/wp-content/uploads/2018/04/lumumba1.jpg 478w, https://congokin.blog/wp-content/uploads/2018/04/lumumba1-300x197.jpg 300w" sizes="auto, (max-width: 478px) 100vw, 478px" />Ensemble, mes frères, mes sœurs, </em></p>
<ul>
<li><em>Nous allons commencer une nouvelle lutte, une lutte sublime qui va mener notre pays à la paix, à la prospérité et à la grandeur.</em></li>
<li><em>Nous allons établir ensemble la justice sociale et assurer que chacun reçoive la juste rémunération de son travail.</em></li>
<li><em>Nous allons montrer au monde ce que peut faire l’homme noir quand il travaille dans la liberté, et nous allons faire du Congo le centre de rayonnement de l’Afrique tout entière. </em></li>
<li><em>Nous allons veiller à ce que les terres de notre patrie profitent véritablement à ses enfants. </em></li>
<li><em>Nous allons revoir toutes les lois d’autrefois et en faire de nouvelles qui seront justes et nobles.</em></li>
<li><em>Nous allons mettre fin à l’oppression de la pensée libre et faire en sorte que tous les citoyens puissent jouir pleinement des libertés fondamentales prévues dans la Déclaration des droits de l’homme.</em></li>
</ul>
<p><strong><em>Et pour tout cela, chers compatriotes, soyez sûrs que nous pourrons compter non seulement sur nos forces énormes et nos richesses immenses, mais aussi sur l’assistance de nombreux pays étrangers, dont nous accepterons la collaboration chaque jour qu’elle sera loyale et ne cherchera pas à nous imposer une politique, quelle qu’elle soit. » </em></strong></p>
<p>(Extrait du discours du 30 juin 1960 par Patrice Lumumba)</td>
</tr>
</tbody>
</table>
<p>&nbsp;</p>
<p><strong>Moins d’une semaine après l’indépendance, une opération de déstabilisation commençait, et, six mois plus tard, Patrice Lumumba était assassiné. Symboliquement, c’est aussi l’État congolais naissant qui fut décapité.</strong></p>
<p><strong>Bien que cette indépendance proclamée semble toujours vidée de son contenu et que la RDC n’arrive pas à sortir de l’instabilité chronique consécutive à la décapitation de la jeune démocratie congolaise, la vision lumumbiste de la société n’est pas morte. La construction d’un État-nation démocratique au Congo, tel que le voyait Patrice Lumumba, reste plus que jamais d’actualité.</strong></p>
<p><strong>Indépendamment de ses ressources naturelles, de sa richesse ethnique et culturelle, ainsi que de son histoire et de sa situation géopolitique, aucune société contemporaine ne peut socialement, économiquement et politiquement progresser sans une vision nationale claire et une philosophie politique intégrées. C’est sur cette base que les gouvernés et gouvernants pourront construire un consensus social collectif sur le type de société indépendante à créer.</strong></p>
<p><strong>Malgré son appellation, la République démocratique du Congo demeure une République à recréer et un pays à démocratiser. D’où l’urgence de revitaliser la vision de Lumumba, tout en tenant compte du contexte, pour recréer une dynamique dans ce vaste pays d’Afrique centrale.</strong></p>
<p><strong>La nouvelle vision lumumbiste doit intégrer les éléments suivants : 1) l’affirmation d’un nouveau sens pour l’indépendance ; 2) la promotion de l’Etat-Nation démocratique et fonctionnel ; 3) la réalisation de programmes cohérents pour le progrès social et la consolidation de l’unité nationale.</strong></p>
<p><strong>En corollaire, dans une démarche d’avenir, cette vision lumumbiste doit pouvoir produire une culture démocratique basée sur le progrès et la justice sociale. Elle s’inscrit également dans le besoin vital d’un partenariat international global utile à la reconstruction d’une vraie République, au progrès socio-économique de toute cette sous-région de l’Afrique centrale, et de l’Afrique tout entière.</strong></p>
<p><strong>Ce site est destiné à la promotion de cette vision lumumbiste.</strong></p>
<p><strong>CONGOKIN</strong></p>
<p>( Suggestions pour l&rsquo;amélioration du site )</p>
<p>[contact-form][contact-field label= »Nom » type= »name »  required= »true » /][contact-field label= »E-mail » type= »email » required= »true » /][contact-field label= »Site web » type= »url » /][contact-field label= »Message » type= »textarea » /][/contact-form]</p>
<div style="text-align:center" class="wps-pgfw-pdf-generate-icon__wrapper-frontend">
		<a href="https://congokin.blog?action=genpdf&amp;id=5222" class="pgfw-single-pdf-download-button" ><img src="https://congokin.blog/wp-content/plugins/pdf-generator-for-wp/admin/src/images/PDF_Tray.svg" title="Générer un PDF" style="width:auto; height:45px;"></a>
		</div>

<p>Bienvenue sur le site des patriotes lumumbistes ! Le 30 juin 1960, Patrice Lumumba disait : « La République du Congo a été proclamée et notre cher pays est maintenant entre les mains de ses propres enfants. Ensemble, mes frères, mes sœurs, Nous allons commencer une nouvelle lutte, une lutte sublime qui va mener notre pays à [&hellip;]</p>
